 be z(u). Suppose 169 + i = 4*v. What are the prime factors of v?
2, 43
Let y(s) = 234*s - 715. What are the prime factors of y(18)?
13, 269
Suppose 4*i = 5*n - 19 + 68, 2*i - 27 = 3*n. Let f(d) = d**2 - 3*d - 21. Let s be f(i). List the prime factors of (s - 2) + 3 - -96.
2, 47
Let f = 45 + -201. List the prime factors of (-4)/(-26) + (-28680)/f.
2, 23
Suppose y = 3*y - 4. Let r(w) = 17 + 9 - y + 3 + w. What are the prime factors of r(14)?
41
Suppose 91 + 14 = 15*h. Suppose 0 = -h*o - 33 + 1636. What are the prime factors of o?
229
Suppose -2*s = -4*t - 760, -t + 1485 + 71 = 4*s. List the prime factors of 0*(0 - 1) + s.
2, 97
Let z = -1482 - -2408. Let i = z + -631. List the prime factors of i.
5, 59
Let f(c) = -c**3 - 7*c**2 - 6*c + 7. Let v = -11 - -5. Let g be f(v). Suppose -4*m + 239 = -g*n + 4*n, 2*n = -10. List the prime factors of m.
2, 7
Let b = 61 - 41. Suppose -5*g + 2*y + b = 0, 3*g - y - 3 = 2*y. Suppose -2938 = -g*p - 7*p. List the prime factors of p.
2, 113
Let k(l) be the first derivative of 5*l**3/3 + 33*l**2/2 + 22*l - 117. List the prime factors of k(-15).
2, 163
Let y = 18508 - 12218. What are the prime factors of y?
2, 5, 17, 37
List the prime factors of 22/(-220) + 1053288/80.
2, 29, 227
Suppose -7*z - z = 15*z - 491418. List the prime factors of z.
2, 3, 1187
List the prime factors of 3200/(-80)*(-1)/(2/383).
2, 5, 383
Let s(h) = 35*h**3 - h**2 + 2*h. Suppose -4*x - 208 + 216 = 0. List the prime factors of s(x).
2, 5, 7
Let o(k) = -12*k - 3*k**2 - 8*k**2 - k**3 - 2 + 27*k**2. Let x be o(12). Suppose 0 = -4*q + x + 322. What are the prime factors of q?
2, 47
Let g = -3699 + 5208. Suppose 30517 = 14*s + g. List the prime factors of s.
2, 7, 37
Suppose 24*b = -130936 + 757624. Suppose b = 2*s + 15*s. What are the prime factors of s?
2, 3
Let d = -212 + -138. Let p = d + 394. List the prime factors of p.
2, 11
Let q = 111 + -44. List the prime factors of q*(-4 + 15 - 3).
2, 67
Suppose 2*z = -2, -4*z = -a - 3*a + 24. Suppose -a*q + 5 = -4*q. Suppose -528 = -3*n - q*n. What are the prime factors of n?
2, 3, 11
Suppose -3*k - o + 0*o = -60, 3*o + 48 = 3*k. Suppose 5997 = k*n + 145. List the prime factors of n.
2, 7, 11
Suppose 4*p = 5*i + 104, -4 = i - 0. Suppose 17*j + 840 = p*j. List the prime factors of j.
2, 3, 5, 7
Let j(v) = 3*v + v**2 - 5*v - 13*v + v + 49. Let z be j(7). Suppose 2*d - 64 = -z*n - 3*n, n = 3*d - 107. What are the prime factors of d?
5, 7
Suppose 0 = -5*f - 3*a - 32, 5*f + 6 = 3*a - 2. Let d be (-103)/(f/2 + 4 - 1). Let q = -69 - d. What are the prime factors of q?
2, 17
Suppose -4*t + 1726 - 74 = -4*q, 0 = -5*t - 4*q + 2065. What are the prime factors of (t + -3)*(0 + 1)?
2, 5, 41
Let k(q) = q**3 - 18*q**2 + 3*q + 8. Let u(y) = y + 2. Let m(r) = k(r) - 3*u(r). List the prime factors of m(18).
2
Suppose -14*b + 68326 + 491226 = 0. What are the prime factors of b?
2, 1249
Let r(g) = 4*g**2 + 6*g + 30. Let d be r(-7). Let t = d - -231. Suppose 1925 + t = 10*i. List the prime factors of i.
2, 3, 13
Let n = 423 - 408. Let m(v) = 5*v**2 - 26*v - 10. What are the prime factors of m(n)?
5, 29
Suppose 8784 = 22*m - 10*m. Let c = 876 - m. What are the prime factors of c?
2, 3
Let g = 144615 + -77014. What are the prime factors of g?
67601
Suppose q + 0*z + 5*z = -41, 5*z = -10. Let a = -22 - q. List the prime factors of 1 + 911/a - 14/63.
2, 3, 17
What are the prime factors of 10/(-75) + 5/150 + (-3631)/(-10)?
3, 11
Suppose 2*l + 2*o = 6508 + 15636, -l = -4*o - 11107. List the prime factors of l.
3, 1231
Let b(s) = -11*s + 169. Let z be b(15). Suppose 4*p = 10*q - 11*q + 3426, 4*q - 3420 = -z*p. List the prime factors of p.
857
Let t be 6/51 + 100/17. Let x = -2 + t. Suppose -x*a - 2*d + 214 = 0, 2*d + 164 = a + 2*a. What are the prime factors of a?
2, 3
Suppose s = 5, -1105 = -3*r + 16*s - 18*s. Let n = -209 + r. What are the prime factors of n?
2, 3, 13
Suppose -4*t + 8685 = 3*q, -1119 - 1061 = -t + q. List the prime factors of t.
3, 5, 29
Suppose -5*v + 17600 = 3*i, -34*v - 3*i - 3502 = -35*v. What are the prime factors of v?
3517
Suppose -22*f + 25*f - 252 = 0. Suppose 5*h + o - 172 = -2*o, 0 = 3*h - 3*o - f. Suppose -h - 87 = -v. What are the prime factors of v?
7, 17
Let s = 63830 + -44620. What are the prime factors of s?
2, 5, 17, 113
Let n = -2884 + 469. Let f = -1501 - n. What are the prime factors of f?
2, 457
Let h(z) = z**3 + z**2. Let s(g) = -3*g**3 + 10*g**2 + 26*g + 9. Let y(m) = -4*h(m) - s(m). Let w be y(-11). Let j = 191 - w. What are the prime factors of j?
277
Let i be 2/(-10) + (-37740)/50 + -3. Let k = 1412 + i. What are the prime factors of k?
2, 3, 109
Let r(y) = 412*y + 418. List the prime factors of r(3).
2, 827
Suppose 0 = 3*f + 5*a + 74, -2*a = -6*f + 3*f - 109. Let m(g) = g**2 - 2*g + 37. What are the prime factors of m(f)?
2, 149
Let p = 3822 + -3829. Let r(v) be the second derivative of v**4/4 - 5*v**3/2 - 9*v**2/2 + v. What are the prime factors of r(p)?
3
Let s(a) = 5*a - 42. Let f(p) = 3*p + 23. Let d be f(-5). Let c be s(d). Let l(o) = -103*o + 8. What are the prime factors of l(c)?
2, 107
Let y(b) = -4*b - 5. Suppose -4*k + 20 = -14*k. Let p be y(k). Suppose -489 = -p*j - 87. List the prime factors of j.
2, 67
Suppose 5*l - p - 2161 + 117 = 0, 0 = -3*l + p + 1226. Suppose 0 = 4*b - 5*g - 727, 4*g = -4*b + 291 + l. Let t = b - 89. What are the prime factors of t?
89
Suppose 66*z - 910 = 61*z. Suppose 0 = -5*j - 5*q + 1470, -3*j + 696 = 5*q - z. What are the prime factors of j?
2, 37
Let n(p) = 4*p**2 - 68*p + 1752. List the prime factors of n(23).
2, 3
Let n = 56071 - 2285. List the prime factors of n.
2, 26893
Let p(r) = 2*r**2 + 31*r - 9. Let k be p(-16). Suppose 3450 = k*b - b. List the prime factors of b.
5, 23
Let r = 31743 + -16040. List the prime factors of r.
41, 383
Suppose -31*x = -38*x + 35. Suppose 4*t = 2*g - 2820, -5*t + 7030 = x*g - 10*t. What are the prime factors of g?
2, 701
Let h(u) = -885*u**3 + 2*u**2 - 1. Let n be h(1). What are the prime factors of -1 - 1*(6 + n)?
877
Let i = 240 - 240. Suppose i = 44*l - 10*l - 6528. List the prime factors of l.
2, 3
Suppose -5*c + 15501 + 15379 = 0. Let o be 4/30 + (c/60)/8. Suppose 4*i + 1251 = o*i. List the prime factors of i.
139
Suppose -1092 + 4032 = 15*x. Suppose -3*l + x + 1246 = 2*o, 3*o - 3 = 0. List the prime factors of l.
2, 3, 5
List the prime factors of 2*-12 - (-3070690)/35.
2, 5, 7, 179
Let a(l) be the third derivative of 1/120*l**6 + 1/10*l**5 - 6*l**2 + 0*l - l**3 - 1/3*l**4 + 0. List the prime factors of a(-5).
59
Let i(j) be the first derivative of -j**4/4 + 5*j**3 + 5*j**2 + 122*j + 143. List the prime factors of i(16).
2, 13
Suppose -68*j + 1487044 = 32*j - 317556. List the prime factors of j.
2, 7, 1289
Suppose 15*q = 23*q - 272. Suppose q*t - 1608 = 26*t. What are the prime factors of t?
3, 67
Let b(k) be the second derivative of k**5/60 + 3*k**4/8 + 23*k**3/6 - 10*k. Let i(x) be the second derivative of b(x). List the prime factors of i(12).
3, 11
Suppose -8*b + 4 = -4. Let z be 1320 + -12 + b + 1. Suppose -12*v = -2*v - z. List the prime factors of v.
131
Let b be (-91280)/48 + 3/(-9). Let q = -184 - b. What are the prime factors of q?
2, 859
List the prime factors of (-2)/6 + -7 + 814980/36.
7, 53, 61
Suppose f - 181 - 167 = 0. Let j = 165 - f. List the prime factors of 1 - j - (-3)/(-1).
181
Let h(a) = 8 - 28 + 19*a - 29 + 2*a**2. List the prime factors of h(13).
2, 67
Suppose 0 = v - 24 - 62. Suppose x - 38 = -3*y, 0*x = 2*x + y - v. List the prime factors of x.
2, 11
Suppose -315520 + 198766 + 1791654 = 50*j. List the prime factors of j.
2, 3, 1861
Let r(w) = -4*w + w**2 + 635 - 308*w**3 - 638 + 63*w**3 - 3*w**2. What are the prime factors of r(-1)?
2, 61
Let w be 3/(-5) - 42514/(-290). Suppose -w*q - 1952 = -150*q. What are the prime factors of q?
2, 61
Let s(f) = f**2 + 13*f + 36. Let h be s(-4). Suppose h = -z + 3*t + 550, 2*t - 2750 = -5*z - 3*t. What are the prime factors of z?
2, 5, 11
Suppose 3*q = -4*f + 2075 + 825, 1910 = 2*q - 2*f. Suppose -4*o = -9*o - 5*s + q, 0 = 4*o - s - 783. Suppose -97*z + o = -92*z. What are the prime factors of z?
3, 13
Let b(s) be the second derivative of -2*s**2 + 14*s + 115/12*s**4 - 5/6*s**3 + 0. What are the prime factors of b(-1)?
2, 29
Suppose 0